- 9. Determine c(2).
13
Let g(c) = -c**2 - 17*c + 90. Calculate g(4).
6
Let q(c) = -6*c + 78. Calculate q(13).
0
Let x(u) = -u**3 + 13*u**2 - u - 11. Determine x(13).
-24
Let n(o) = o**3 - 10*o**2 - 22*o - 14. Give n(12).
10
Let t(b) = -25*b. Give t(-1).
25
Let y(b) = 4*b - 13. Calculate y(9).
23
Let l(d) = 4*d - 40. Give l(11).
4
Let h(v) = v**3 + 5*v**2 - 2*v - 5. What is h(-4)?
19
Let a(t) = 2*t - 5. Determine a(0).
-5
Let f(l) = 2*l - 6. What is f(6)?
6
Let p(y) = y**3 + 7*y**2 + y + 2. What is p(-7)?
-5
Let u(a) = -6*a + 56. What is u(-13)?
134
Let l(s) = s**2 + 6*s - 10. What is l(-8)?
6
Let q(p) = p**3 - 4*p**2 + p - 5. What is q(4)?
-1
Let o(g) = -g**2 - 14*g - 2. Calculate o(-14).
-2
Let h(k) = 11*k - 46. What is h(6)?
20
Let l(p) = p**3 + 17*p**2 - 21*p - 32. Give l(-18).
22
Let a(f) = f**3 - 30*f**2 - 2*f + 53. Calculate a(30).
-7
Let y(p) = -p**3 + 5*p**2 - p - 1. Determine y(2).
9
Let h(c) = -2*c - 22. Give h(-16).
10
Let h(j) = j**3 - 16*j**2 + 13*j + 31. Calculate h(15).
1
Let k(d) = 3*d - 10. Determine k(15).
35
Let n(d) = -30*d - 229. Give n(-8).
11
Let i(c) = 2*c**2 - 4*c + 8. Determine i(0).
8
Let m(a) = a**3 + 8*a**2 - 6*a - 6. Determine m(-8).
42
Let m(s) = s**2 - 12*s + 23. What is m(8)?
-9
Let g(z) = -z**2 + 9*z - 17. Give g(5).
3
Let y(d) = 6*d**2 - 9*d - 7. Calculate y(5).
98
Let q(f) = -f**3 + 9*f**2 - 8*f - 10. Give q(8).
-10
Let i(y) = y**3 - 3*y**2 - 2*y + 1. Give i(4).
9
Let j(a) = a**3 - 5*a**2 - 2*a + 2. Calculate j(5).
-8
Let m(h) = h**3 - 6*h**2 + 9*h - 9. What is m(5)?
11
Let t(r) = -2*r**2 - 7*r + 3. Give t(-6).
-27
Let u(b) = b**3 - b + 1. Calculate u(3).
25
Let p(u) = u**2 - u - 2. Determine p(0).
-2
Let j(h) = -17*h**3 - 8*h**2 - 9*h - 2. Determine j(-1).
16
Let c(y) = y**3 - 8*y**2 + 8*y - 8. Calculate c(6).
-32
Let v(i) = i**3 + 9*i**2 - 6*i + 2. Determine v(-9).
56
Let z(m) = m**3 + 10*m**2 - m + 12. Calculate z(-10).
22
Let d(g) = -g - 4. Give d(-10).
6
Let d(j) = -j**3 - 5*j**2 - 3*j - 16. Determine d(-5).
-1
Let r(c) = c**3 + 12*c**2 - 5*c + 107. Calculate r(-13).
3
Let l(c) = 2*c**2 + 2*c - 3. Give l(3).
21
Let g(m) = -3*m - 43. Give g(-9).
-16
Let n(c) = c**2 + 7*c + 2. Calculate n(-5).
-8
Let c(h) = -h**2 - 2*h - 8. Calculate c(0).
-8
Let s(t) = -2*t**2 + t. Give s(-1).
-3
Let b(n) = 2*n**3 + 14*n**2 - 3*n - 5. What is b(-7)?
16
Let c(u) = 2*u + 21. Give c(-10).
1
Let d(z) = 2*z**3 - 9*z**2 + 5*z + 4. Give d(4).
8
Let c(n) = n**3 + 9*n**2 - 12*n - 17. Give c(-10).
3
Let k(z) = -4*z**2 - 3*z + 6. Calculate k(3).
-39
Let x(v) = v**2 - 7*v - 8. Determine x(7).
-8
Let g(d) = -d**2 + 6*d - 4. What is g(7)?
-11
Let s(j) = -j**2 + 8*j + 2. Give s(6).
14
Let a(z) = z**3 - 20*z**2 + 22*z - 55. What is a(19)?
2
Let l(p) = -p**3 + 8*p**2 - 3*p - 14. Calculate l(5).
46
Let u(j) = j**3 - 6*j**2 - 7*j + 8. Determine u(7).
8
Let q(y) = y**2 + 6*y - 17. Give q(-8).
-1
Let o(d) = 31*d**3 - d**2 + 2*d + 3. Calculate o(-1).
-31
Let y(j) = 2*j**2 + 9*j + 23. What is y(-5)?
28
Let z(f) = f**3 - 21*f**2 + 13*f + 18. What is z(20)?
-122
Let u(g) = 3*g**2 + 6*g + 6. Determine u(-2).
6
Let p(l) = 2*l + 13. What is p(7)?
27
Let d(j) = -j**3 - 12*j**2 - 14*j + 16. What is d(-11)?
49
Let z(x) = -6*x + 110. What is z(19)?
-4
Let c(t) = t**3 + 4*t**2 + 2*t + 9. Calculate c(-4).
1
Let j(c) = c**2 - 11*c + 4. Calculate j(12).
16
Let v(t) = -t**3 + 10*t**2 - 29*t + 4. Calculate v(4).
-16
Let j(t) = 3*t**2 - t + 9. What is j(2)?
19
Let n(u) = -13*u - 488. What is n(-38)?
6
Let j(m) = -m - 15. Determine j(-13).
-2
Let r(t) = -3*t + 27. Give r(6).
9
Let d(q) = -13*q**3 - q**2 - q - 1. Determine d(-1).
12
Let l(z) = z**3 - 9*z**2 - 23*z + 3. What is l(11)?
-8
Let u(o) = o**2 - 2*o - 9. What is u(-3)?
6
Let h(q) = q**3 + 7*q**2 - 20*q - 18. What is h(-9)?
0
Let p(j) = -j**3 + 11*j**2 + j - 9. Determine p(11).
2
Let k(w) = -w**2 + 2*w - 1. Give k(2).
-1
Let x(y) = -2*y + 5. What is x(-5)?
15
Let v(j) = j**3 + 9*j**2 + 12*j - 16. Determine v(-7).
-2
Let o(q) = 8*q**2 + q + 1. Calculate o(-1).
8
Let h(u) = -2*u**2 - 33*u - 11. Give h(-17).
-28
Let b(p) = 97*p + 975. What is b(-10)?
5
Let t(p) = -2*p**2 + p - 31. Give t(0).
-31
Let j(g) = 3*g**2 + 11*g - 42. Give j(3).
18
Let n(f) = -3*f + 9. Give n(-15).
54
Let z(f) = f**2 + 10*f + 6. Determine z(-5).
-19
Let w(f) = -14*f + 166. Give w(12).
-2
Let z(w) = 4*w + 5. Determine z(0).
5
Let p(h) = 3*h - 2. Calculate p(-4).
-14
Let u(t) = -t**2 - 6*t + 5. What is u(-7)?
-2
Let i(w) = -w**2 - 9*w - 6. Determine i(-4).
14
Let m(x) = 2*x - 3. Give m(8).
13
Let j(a) = -3*a - 8. What is j(5)?
-23
Let s(v) = -v**3 + 4*v**2 + 16*v + 7. Determine s(6).
31
Let t(k) = -2*k**3 + 4*k**2 - 4*k - 1. Give t(3).
-31
Let k(f) = -f**3 + 13*f**2 + 10*f - 122. What is k(13)?
8
Let w(r) = -r**3 - 2*r**2 + 23*r - 28. Give w(3).
-4
Let i(b) = b**3 - 2. Give i(3).
25
Let z(g) = g**2 - 10*g + 11. Determine z(9).
2
Let p(o) = o**2 + 4*o + 20. Determine p(-5).
25
Let z(i) = i**2 + 2*i + 185. Calculate z(0).
185
Let l(t) = -t**3 + 4*t**2 - 2*t + 1. Give l(3).
4
Let t(f) = -15*f - 572. Calculate t(-38).
-2
Let p(d) = -d + 26. Determine p(30).
-4
Let g(i) = 10*i - 11. Give g(5).
39
Let x(y) = -y - 2. Give x(-25).
23
Let j(p) = -3*p**2 - 89*p - 69. Give j(-29).
-11
Let q(s) = s - 13. What is q(22)?
9
Let r(u) = -2*u - 51. Give r(-25).
-1
Let a(c) = -c**3 + 11*c**2 - 19*c + 2. Determine a(9).
-7
Let h(c) = c**2 - 16*c + 40. Calculate h(13).
1
Let x(a) = a**2 - 36*a + 28. Determine x(30).
-152
Let u(o) = -o - 7. Give u(5).
-12
Let c(d) = 2*d**3 - 143*d**2 - 73*d + 78. Give c(72).
6
Let y(a) = 2*a**2 + 17*a + 35. Determine y(-3).
2
Let m(j) = -6*j + 1. Give m(8).
-47
Let r(d) = d**3 - 5*d**2 + 6*d - 24. Give r(5).
6
Let p(s) = s + 2. What is p(-9)?
-7
Let l(x) = -x**2 + 4*x + 4. Give l(5).
-1
Let c(w) = -8*w**2 - 4. What is c(3)?
-76
Let d(p) = p**3 - 5*p**2 - 2*p + 7. What is d(5)?
-3
Let a(g) = g**3 - 17*g**2 + 74*g - 24. Determine a(8).
-8
Let h(o) = -o**3 + 4*o**2 + 7*o - 8. Give h(3).
22
Let x(w) = -w**3 - 17*w**2 - 18*w - 37. Determine x(-16).
-5
Let s(i) = -2*i - 34. Determine s(-19).
4
Let z(m) = m**3 + 9*m**2 - 7. Give z(-9).
-7
Let s(j) = -2*j**3 + 35*j**2 + 17*j + 17. Calculate s(18).
-1
Let n(v) = -6*v + 2. Determine n(-1).
8
Let j(u) = -u - 21. What is j(-8)?
-13
Let z(g) = -g**3 + 39*g**2 - 2*g + 80. Determine z(39).
2
Let p(z) = -7*z**2 - 14*z + 7. Give p(-4).
-49
Let f(p) = p**3 - 31*p**2 - 35*p - 27. Calculate f(32).
-123
Let o(j) = -j**3 + 36*j**2 + j - 36. Calculate o(36).
0
Let q(s) = -7*s + 51. Determine q(7).
2
Let g(t) = 2*t**2 - 14*t - 3. Give g(8).
13
Let z(i) = -i**3 + 7*i**2 - 4*i - 15. What is z(6)?
-3
Let m(h) = -8*h - 6. Determine m(5).
-46
Let p(c) = -c**3 + 11*c**2 - 9*c - 15. What is p(10)?
-5
Let w(l) = -l**3 + 6*l**2 + 5*l - 25. Determine w(6).
5
Let p(s) = -s**2 + 4. Calculate p(6).
-32
Let i(b) = -b**2 - 22*b - 27. Determine i(-13).
90
Let f(g) = g**3 + 11*g**2 + 15*g + 3. Calculate f(-9).
30
Let n(o) = o**3 - 9*o**2 + 5*o + 8. What is n(8)?
-16
Let f(k) = -k**2 + 2*k - 8. Give f(-4).
-32
Let x(q) = -q - 7. Calculate x(9).
-16
Let z(d) = -d**3 - 4*d**2 - 3*d + 2. Determine z(-4).
14
Let y(r) = r**3 - 9*r - 8. Give y(-1).
0
Let o(r) = r**3 + 4*r**2 - 6*r - 3. Give o(-5).
2
Let d(h) = -2*h**3 - 3*h**2 + h + 2. Determine d(-2).
4
Let j(h) = -h + 1. Calculate j(-5).
6
Let s(k) = -2*k**2 - 9*k - 5. Calculate s(-6).
-23
Let h(u) = 4*u - 21. Give h(9).
15
Let w(o) = -12*o + 185. Give w(15).
5
Let y(p) = -3*p**2 + 4*p + 8. Give y(6).
-76
Let p(z) = z + 3. Give p(5).
8
Let i(g) = g**2 + 16*g + 11. Give i(-11).
-44
Let y(h) = 32*h + 5. Give y(-2).
-59
Let q(t) = t**2 + 33*t + 235. Determine q(-23).
5
Let b(c) = c**2 - 28*c - 63. Give b(30).
-3
Let n(p) = -6*p + 3. Determine n(2).
-9
Let o(u) = -30*u - 278. What is o(-9)?
-8
Let b(n) = 12*n - 366. Give b(31).
6
Let t(n) = -20*n + 6. What is t(-2)?
46
Let x(r) = r**3 - 21*r**2 + 20*r + 18. What is x(20)?
18
Let d(g) = g**3 - 12*g**2 + 23*g - 22. Calculate d(10).
8
Let h(f) = f**2 - 2*f - 43. Calculate h(0).
-43
Let l(i) = -12*i - 55. Calculate l(-4).
-7
Let c(p) = p**2 + 9*p - 5. What is c(-8)?
-13
Let c(l) = 7*l**2 - 3*l. Determine c(-1).
10
Let i(f) = -f**3 + 6*f**2 - 8*f + 6. Calculate i(5).
-9
Let p(m) = m**3 - 4*m**2 + 11*m - 25. Calculate p(